{"id":273,"date":"2014-07-24T19:17:19","date_gmt":"2014-07-24T19:17:19","guid":{"rendered":"http:\/\/s272204253.mialojamiento.es\/wpsolp\/?page_id=273"},"modified":"2026-04-24T16:04:04","modified_gmt":"2026-04-24T16:04:04","slug":"webs","status":"publish","type":"page","link":"https:\/\/www.solp.es\/webs\/","title":{"rendered":"webs"},"content":{"rendered":"\n[et_pb_section fb_built=\u00bb1&#8243; _builder_version=\u00bb4.27.6&#8243; _module_preset=\u00bbdefault\u00bb custom_padding=\u00bb33px||5px|||\u00bb global_colors_info=\u00bb{}\u00bb locked=\u00bboff\u00bb][et_pb_row _builder_version=\u00bb4.27.6&#8243; _module_preset=\u00bbdefault\u00bb custom_padding=\u00bb6px||2px|||\u00bb global_colors_info=\u00bb{}\u00bb][et_pb_column type=\u00bb4_4&#8243; _builder_version=\u00bb4.27.6&#8243; _module_preset=\u00bbdefault\u00bb global_colors_info=\u00bb{}\u00bb][et_pb_text admin_label=\u00bbText\u00bb _builder_version=\u00bb4.27.6&#8243; background_size=\u00bbinitial\u00bb background_position=\u00bbtop_left\u00bb background_repeat=\u00bbrepeat\u00bb hover_enabled=\u00bb0&#8243; global_colors_info=\u00bb{}\u00bb sticky_enabled=\u00bb0&#8243;]<h1 style=\"text-align: center;\"><span style=\"color: #33cccc;\">DISE\u00d1O WEB <\/span>PARA EMPRESAS\n<\/h1>[\/et_pb_text][\/et_pb_column][\/et_pb_row][et_pb_row column_structure=\u00bb1_2,1_2&#8243; make_equal=\u00bbon\u00bb _builder_version=\u00bb4.27.6&#8243; _module_preset=\u00bbdefault\u00bb custom_padding=\u00bb50px||66px|||\u00bb hover_enabled=\u00bb0&#8243; global_colors_info=\u00bb{}\u00bb sticky_enabled=\u00bb0&#8243;][et_pb_column type=\u00bb1_2&#8243; _builder_version=\u00bb4.27.6&#8243; _module_preset=\u00bbdefault\u00bb custom_padding=\u00bb3em|0em|||false|false\u00bb hover_enabled=\u00bb0&#8243; global_colors_info=\u00bb{}\u00bb custom_padding_last_edited=\u00bbon|desktop\u00bb sticky_enabled=\u00bb0&#8243; custom_padding_phone=\u00bb0em||||false|false\u00bb custom_padding_tablet=\u00bb3em|0em|||false|false\u00bb][et_pb_text admin_label=\u00bbText\u00bb _builder_version=\u00bb4.27.6&#8243; header_2_font_size=\u00bb24px\u00bb background_size=\u00bbinitial\u00bb background_position=\u00bbtop_left\u00bb background_repeat=\u00bbrepeat\u00bb hover_enabled=\u00bb0&#8243; global_colors_info=\u00bb{}\u00bb sticky_enabled=\u00bb0&#8243;]<h2 style=\"text-align: left;\">CUANDO TU <span style=\"color: #33cccc;\"> DISE\u00d1O WEB<\/span> NO ACOMPA\u00d1A TUS SERVICIOS<\/h2>[\/et_pb_text][et_pb_text _builder_version=\u00bb4.27.6&#8243; _module_preset=\u00bbdefault\u00bb hover_enabled=\u00bb0&#8243; global_colors_info=\u00bb{}\u00bb sticky_enabled=\u00bb0&#8243;]<p style=\"text-align: justify;\"><span style=\"font-weight: 400;\">Si alguien entra en tu web y no entiende qu\u00e9 haces, se va y no vuelve. Esto hace que pierdas contactos y oportunidades reales cada d\u00eda. El dise\u00f1o web para empresas ordena la informaci\u00f3n y facilita que quien entra entienda los servicios sin tener que buscar ni interpretar contenidos claros.<\/span><\/p>[\/et_pb_text][\/et_pb_column][et_pb_column type=\u00bb1_2&#8243; _builder_version=\u00bb4.27.6&#8243; _module_preset=\u00bbdefault\u00bb global_colors_info=\u00bb{}\u00bb][et_pb_image src=\u00bbhttps:\/\/www.solp.es\/wp-content\/uploads\/2014\/07\/APM-Manises-Google-Chrome.jpg\u00bb title_text=\u00bbAPM &#8211; Manises &#8211; Google Chrome\u00bb force_fullwidth=\u00bbon\u00bb _builder_version=\u00bb4.27.6&#8243; _module_preset=\u00bbdefault\u00bb hover_enabled=\u00bb0&#8243; global_colors_info=\u00bb{}\u00bb sticky_enabled=\u00bb0&#8243;][\/et_pb_image][\/et_pb_column][\/et_pb_row][et_pb_row column_structure=\u00bb1_2,1_2&#8243; make_equal=\u00bbon\u00bb _builder_version=\u00bb4.27.6&#8243; _module_preset=\u00bbdefault\u00bb custom_padding=\u00bb||50px|||\u00bb hover_enabled=\u00bb0&#8243; global_colors_info=\u00bb{}\u00bb sticky_enabled=\u00bb0&#8243;][et_pb_column type=\u00bb1_2&#8243; _builder_version=\u00bb4.27.6&#8243; _module_preset=\u00bbdefault\u00bb hover_enabled=\u00bb0&#8243; global_colors_info=\u00bb{}\u00bb custom_padding_last_edited=\u00bbon|desktop\u00bb sticky_enabled=\u00bb0&#8243;][et_pb_image src=\u00bbhttps:\/\/www.solp.es\/wp-content\/uploads\/2014\/07\/visita-valencia.com-Tu-guia-oficial-en-Valencia.jpg\u00bb title_text=\u00bbvisita-valencia.com  Tu guia oficial en Valencia\u00bb force_fullwidth=\u00bbon\u00bb _builder_version=\u00bb4.27.6&#8243; _module_preset=\u00bbdefault\u00bb hover_enabled=\u00bb0&#8243; global_colors_info=\u00bb{}\u00bb sticky_enabled=\u00bb0&#8243;][\/et_pb_image][\/et_pb_column][et_pb_column type=\u00bb1_2&#8243; _builder_version=\u00bb4.27.6&#8243; _module_preset=\u00bbdefault\u00bb custom_padding=\u00bb2em|0em|||false|false\u00bb hover_enabled=\u00bb0&#8243; global_colors_info=\u00bb{}\u00bb custom_padding_last_edited=\u00bbon|desktop\u00bb sticky_enabled=\u00bb0&#8243; custom_padding_tablet=\u00bb2em|0em|||false|false\u00bb custom_padding_phone=\u00bb2em|0em|||false|false\u00bb][et_pb_text admin_label=\u00bbText\u00bb _builder_version=\u00bb4.27.6&#8243; header_2_font_size=\u00bb24px\u00bb background_size=\u00bbinitial\u00bb background_position=\u00bbtop_left\u00bb background_repeat=\u00bbrepeat\u00bb hover_enabled=\u00bb0&#8243; global_colors_info=\u00bb{}\u00bb sticky_enabled=\u00bb0&#8243;]<h2 style=\"text-align: left;\"><span style=\"color: #33cccc;\">DISE\u00d1O WEB <\/span>CLARO Y F\u00c1CIL <\/h2>[\/et_pb_text][et_pb_text _builder_version=\u00bb4.27.6&#8243; _module_preset=\u00bbdefault\u00bb hover_enabled=\u00bb0&#8243; global_colors_info=\u00bb{}\u00bb sticky_enabled=\u00bb0&#8243;]<p style=\"text-align: justify;\"><span style=\"font-weight: 400;\">Una web confusa hace que el usuario se pierda y abandone r\u00e1pido. La creaci\u00f3n de p\u00e1ginas web debe facilitar el uso desde el primer momento y permitir encontrar la informaci\u00f3n sin dudas ni pasos innecesarios dentro de cada apartado web.<\/span><\/p>\n<p style=\"text-align: justify;\"><span style=\"font-weight: 400;\">Cada empresa necesita una web distinta. Por eso, el desarrollo web a medida permite organizar la informaci\u00f3n seg\u00fan lo que se quiere mostrar y facilitar que el usuario entienda los servicios sin complicaciones.<\/span><\/p>[\/et_pb_text][\/et_pb_column][\/et_pb_row][\/et_pb_section][et_pb_section fb_built=\u00bb1&#8243; _builder_version=\u00bb4.16&#8243; background_color=\u00bb#ffffff\u00bb background_image=\u00bbhttp:\/\/s272204253.mialojamiento.es\/wpsolp\/wp-content\/uploads\/2013\/11\/bk.jpg\u00bb transparent_background=\u00bboff\u00bb global_colors_info=\u00bb{}\u00bb][et_pb_row _builder_version=\u00bb4.16&#8243; background_size=\u00bbinitial\u00bb background_position=\u00bbtop_left\u00bb background_repeat=\u00bbrepeat\u00bb global_colors_info=\u00bb{}\u00bb][et_pb_column type=\u00bb4_4&#8243; _builder_version=\u00bb4.16&#8243; custom_padding=\u00bb|||\u00bb global_colors_info=\u00bb{}\u00bb custom_padding__hover=\u00bb|||\u00bb][et_pb_text admin_label=\u00bbText\u00bb _builder_version=\u00bb4.16&#8243; background_size=\u00bbinitial\u00bb background_position=\u00bbtop_left\u00bb background_repeat=\u00bbrepeat\u00bb global_colors_info=\u00bb{}\u00bb]<p style=\"text-align: center;\"><a href=\"http:\/\/s272204253.mialojamiento.es\/wpsolp\/wp-content\/uploads\/2014\/07\/responsive_web_design2.png\"><img decoding=\"async\" class=\"aligncenter size-full wp-image-314 lazyload\" data-src=\"http:\/\/s272204253.mialojamiento.es\/wpsolp\/wp-content\/uploads\/2014\/07\/responsive_web_design2.png\" alt=\"responsive_web_design2\" width=\"646\" height=\"391\" data-srcset=\"https:\/\/www.solp.es\/wp-content\/uploads\/2014\/07\/responsive_web_design2.png 646w, https:\/\/www.solp.es\/wp-content\/uploads\/2014\/07\/responsive_web_design2-300x181.png 300w\" data-sizes=\"(max-width: 646px) 100vw, 646px\" src=\"data:image\/svg+xml;base64,PHN2ZyB3aWR0aD0iMSIgaGVpZ2h0PSIxIiB4bWxucz0iaHR0cDovL3d3dy53My5vcmcvMjAwMC9zdmciPjwvc3ZnPg==\" style=\"--smush-placeholder-width: 646px; --smush-placeholder-aspect-ratio: 646\/391;\" \/><\/a><\/p>[\/et_pb_text][\/et_pb_column][\/et_pb_row][\/et_pb_section][et_pb_section fb_built=\u00bb1&#8243; fullwidth=\u00bbon\u00bb _builder_version=\u00bb4.16&#8243; global_colors_info=\u00bb{}\u00bb][et_pb_fullwidth_portfolio title=\u00bbweb\u00b4s\u00bb include_categories=\u00bb9&#8243; show_date=\u00bboff\u00bb admin_label=\u00bbFullwidth Portfolio\u00bb _builder_version=\u00bb4.16&#8243; background_size=\u00bbinitial\u00bb background_position=\u00bbtop_left\u00bb background_repeat=\u00bbrepeat\u00bb auto=\u00bbon\u00bb auto_speed=\u00bb2500&#8243; global_colors_info=\u00bb{}\u00bb][\/et_pb_fullwidth_portfolio][\/et_pb_section][et_pb_section fb_built=\u00bb1&#8243; _builder_version=\u00bb4.16&#8243; global_colors_info=\u00bb{}\u00bb][et_pb_row _builder_version=\u00bb4.16&#8243; background_size=\u00bbinitial\u00bb background_position=\u00bbtop_left\u00bb background_repeat=\u00bbrepeat\u00bb global_colors_info=\u00bb{}\u00bb column_structure=\u00bb1_2,1_2&#8243;][et_pb_column type=\u00bb1_2&#8243; _builder_version=\u00bb4.16&#8243; custom_padding=\u00bb|||\u00bb global_colors_info=\u00bb{}\u00bb custom_padding__hover=\u00bb|||\u00bb][et_pb_cta title=\u00bbtenemos preparada tu web por mucho menos de lo que crees&#8230; 100% personalizada y accesible \u00bb button_url=\u00bb\/?page_id=13&#8243; button_text=\u00bbSolicita tu presupuesto\u00bb admin_label=\u00bbCall To Action\u00bb _builder_version=\u00bb4.16&#8243; background_color=\u00bb#00b0c4&#8243; background_size=\u00bbinitial\u00bb background_position=\u00bbtop_left\u00bb background_repeat=\u00bbrepeat\u00bb global_colors_info=\u00bb{}\u00bb button_text_size__hover_enabled=\u00bboff\u00bb button_one_text_size__hover_enabled=\u00bboff\u00bb button_two_text_size__hover_enabled=\u00bboff\u00bb button_text_color__hover_enabled=\u00bboff\u00bb button_one_text_color__hover_enabled=\u00bboff\u00bb button_two_text_color__hover_enabled=\u00bboff\u00bb button_border_width__hover_enabled=\u00bboff\u00bb button_one_border_width__hover_enabled=\u00bboff\u00bb button_two_border_width__hover_enabled=\u00bboff\u00bb button_border_color__hover_enabled=\u00bboff\u00bb button_one_border_color__hover_enabled=\u00bboff\u00bb button_two_border_color__hover_enabled=\u00bboff\u00bb button_border_radius__hover_enabled=\u00bboff\u00bb button_one_border_radius__hover_enabled=\u00bboff\u00bb button_two_border_radius__hover_enabled=\u00bboff\u00bb button_letter_spacing__hover_enabled=\u00bboff\u00bb button_one_letter_spacing__hover_enabled=\u00bboff\u00bb button_two_letter_spacing__hover_enabled=\u00bboff\u00bb button_bg_color__hover_enabled=\u00bboff\u00bb button_one_bg_color__hover_enabled=\u00bboff\u00bb button_two_bg_color__hover_enabled=\u00bboff\u00bb]<p>con un entorno f\u00e1cil y sencillo para que ya sea comercio online o presencial pueda estar actualizada en todo momento<\/p>[\/et_pb_cta][\/et_pb_column][et_pb_column type=\u00bb1_2&#8243; _builder_version=\u00bb4.16&#8243; custom_padding=\u00bb|||\u00bb global_colors_info=\u00bb{}\u00bb custom_padding__hover=\u00bb|||\u00bb][et_pb_counters bar_bg_color=\u00bb#00b0c4&#8243; admin_label=\u00bbBar Counters\u00bb _builder_version=\u00bb4.16&#8243; background_color=\u00bb#dddddd\u00bb custom_padding=\u00bb|||\u00bb custom_padding_tablet=\u00bb|||\u00bb custom_padding_phone=\u00bb|||\u00bb custom_padding_last_edited=\u00bboff|desktop\u00bb global_colors_info=\u00bb{}\u00bb][et_pb_counter percent=\u00bb20&#8243; _builder_version=\u00bb4.16&#8243; global_colors_info=\u00bb{}\u00bb bar_background_color_default=\u00bb#00b0c4&#8243; use_percentages=\u00bbon\u00bb]Php[\/et_pb_counter][et_pb_counter percent=\u00bb20&#8243; _builder_version=\u00bb4.16&#8243; global_colors_info=\u00bb{}\u00bb bar_background_color_default=\u00bb#00b0c4&#8243; use_percentages=\u00bbon\u00bb]Java script[\/et_pb_counter][et_pb_counter percent=\u00bb20&#8243; _builder_version=\u00bb4.16&#8243; global_colors_info=\u00bb{}\u00bb bar_background_color_default=\u00bb#00b0c4&#8243; use_percentages=\u00bbon\u00bb]Mysql[\/et_pb_counter][et_pb_counter percent=\u00bb20&#8243; _builder_version=\u00bb4.16&#8243; global_colors_info=\u00bb{}\u00bb bar_background_color_default=\u00bb#00b0c4&#8243; use_percentages=\u00bbon\u00bb]serve.js[\/et_pb_counter][et_pb_counter percent=\u00bb20&#8243; _builder_version=\u00bb4.16&#8243; global_colors_info=\u00bb{}\u00bb bar_background_color_default=\u00bb#00b0c4&#8243; use_percentages=\u00bbon\u00bb]Html &#8211; css[\/et_pb_counter][\/et_pb_counters][\/et_pb_column][\/et_pb_row][\/et_pb_section]\n","protected":false},"excerpt":{"rendered":"<p>DISE\u00d1O WEB PARA EMPRESAS CUANDO TU DISE\u00d1O WEB NO ACOMPA\u00d1A TUS SERVICIOSSi alguien entra en tu web y no entiende qu\u00e9 haces, se va y no vuelve. Esto hace que pierdas contactos y oportunidades reales cada d\u00eda. El dise\u00f1o web para empresas ordena la informaci\u00f3n y facilita que quien entra entienda los servicios sin tener [&hellip;]<\/p>\n","protected":false},"author":1,"featured_media":0,"parent":0,"menu_order":0,"comment_status":"closed","ping_status":"closed","template":"","meta":{"_et_pb_use_builder":"on","_et_pb_old_content":"","_et_gb_content_width":"","footnotes":""},"class_list":["post-273","page","type-page","status-publish","hentry"],"yoast_head":"<!-- This site is optimized with the Yoast SEO plugin v27.4 - https:\/\/yoast.com\/product\/yoast-seo-wordpress\/ -->\n<title>Dise\u00f1o web para empresas que necesitan comercio online personzalizado<\/title>\n<meta name=\"description\" content=\"Si necesitas dise\u00f1o web para empresas, trabajamos web, comercio online y desarrollos personalizados con soluciones digitales completas.\" \/>\n<meta name=\"robots\" content=\"index, follow, max-snippet:-1, max-image-preview:large, max-video-preview:-1\" \/>\n<link rel=\"canonical\" href=\"https:\/\/www.solp.es\/webs\/\" \/>\n<meta property=\"og:locale\" content=\"es_ES\" \/>\n<meta property=\"og:type\" content=\"article\" \/>\n<meta property=\"og:title\" content=\"Dise\u00f1o web para empresas que necesitan comercio online personzalizado\" \/>\n<meta property=\"og:description\" content=\"Si necesitas dise\u00f1o web para empresas, trabajamos web, comercio online y desarrollos personalizados con soluciones digitales completas.\" \/>\n<meta property=\"og:url\" content=\"https:\/\/www.solp.es\/webs\/\" \/>\n<meta property=\"og:site_name\" content=\"SOLP\" \/>\n<meta property=\"article:modified_time\" content=\"2026-04-24T16:04:04+00:00\" \/>\n<meta property=\"og:image\" content=\"http:\/\/s272204253.mialojamiento.es\/wpsolp\/wp-content\/uploads\/2014\/07\/responsive_web_design2.png\" \/>\n<meta name=\"twitter:card\" content=\"summary_large_image\" \/>\n<meta name=\"twitter:label1\" content=\"Tiempo de lectura\" \/>\n\t<meta name=\"twitter:data1\" content=\"4 minutos\" \/>\n<script type=\"application\/ld+json\" class=\"yoast-schema-graph\">{\"@context\":\"https:\\\/\\\/schema.org\",\"@graph\":[{\"@type\":\"WebPage\",\"@id\":\"https:\\\/\\\/www.solp.es\\\/webs\\\/\",\"url\":\"https:\\\/\\\/www.solp.es\\\/webs\\\/\",\"name\":\"Dise\u00f1o web para empresas que necesitan comercio online personzalizado\",\"isPartOf\":{\"@id\":\"https:\\\/\\\/www.solp.es\\\/#website\"},\"primaryImageOfPage\":{\"@id\":\"https:\\\/\\\/www.solp.es\\\/webs\\\/#primaryimage\"},\"image\":{\"@id\":\"https:\\\/\\\/www.solp.es\\\/webs\\\/#primaryimage\"},\"thumbnailUrl\":\"http:\\\/\\\/s272204253.mialojamiento.es\\\/wpsolp\\\/wp-content\\\/uploads\\\/2014\\\/07\\\/responsive_web_design2.png\",\"datePublished\":\"2014-07-24T19:17:19+00:00\",\"dateModified\":\"2026-04-24T16:04:04+00:00\",\"description\":\"Si necesitas dise\u00f1o web para empresas, trabajamos web, comercio online y desarrollos personalizados con soluciones digitales completas.\",\"breadcrumb\":{\"@id\":\"https:\\\/\\\/www.solp.es\\\/webs\\\/#breadcrumb\"},\"inLanguage\":\"es\",\"potentialAction\":[{\"@type\":\"ReadAction\",\"target\":[\"https:\\\/\\\/www.solp.es\\\/webs\\\/\"]}]},{\"@type\":\"ImageObject\",\"inLanguage\":\"es\",\"@id\":\"https:\\\/\\\/www.solp.es\\\/webs\\\/#primaryimage\",\"url\":\"http:\\\/\\\/s272204253.mialojamiento.es\\\/wpsolp\\\/wp-content\\\/uploads\\\/2014\\\/07\\\/responsive_web_design2.png\",\"contentUrl\":\"http:\\\/\\\/s272204253.mialojamiento.es\\\/wpsolp\\\/wp-content\\\/uploads\\\/2014\\\/07\\\/responsive_web_design2.png\"},{\"@type\":\"BreadcrumbList\",\"@id\":\"https:\\\/\\\/www.solp.es\\\/webs\\\/#breadcrumb\",\"itemListElement\":[{\"@type\":\"ListItem\",\"position\":1,\"name\":\"Portada\",\"item\":\"https:\\\/\\\/www.solp.es\\\/\"},{\"@type\":\"ListItem\",\"position\":2,\"name\":\"webs\"}]},{\"@type\":\"WebSite\",\"@id\":\"https:\\\/\\\/www.solp.es\\\/#website\",\"url\":\"https:\\\/\\\/www.solp.es\\\/\",\"name\":\"SOLP\",\"description\":\"SOLUCIONES PUBLICITARIAS\",\"potentialAction\":[{\"@type\":\"SearchAction\",\"target\":{\"@type\":\"EntryPoint\",\"urlTemplate\":\"https:\\\/\\\/www.solp.es\\\/?s={search_term_string}\"},\"query-input\":{\"@type\":\"PropertyValueSpecification\",\"valueRequired\":true,\"valueName\":\"search_term_string\"}}],\"inLanguage\":\"es\"}]}<\/script>\n<!-- \/ Yoast SEO plugin. -->","yoast_head_json":{"title":"Dise\u00f1o web para empresas que necesitan comercio online personzalizado","description":"Si necesitas dise\u00f1o web para empresas, trabajamos web, comercio online y desarrollos personalizados con soluciones digitales completas.","robots":{"index":"index","follow":"follow","max-snippet":"max-snippet:-1","max-image-preview":"max-image-preview:large","max-video-preview":"max-video-preview:-1"},"canonical":"https:\/\/www.solp.es\/webs\/","og_locale":"es_ES","og_type":"article","og_title":"Dise\u00f1o web para empresas que necesitan comercio online personzalizado","og_description":"Si necesitas dise\u00f1o web para empresas, trabajamos web, comercio online y desarrollos personalizados con soluciones digitales completas.","og_url":"https:\/\/www.solp.es\/webs\/","og_site_name":"SOLP","article_modified_time":"2026-04-24T16:04:04+00:00","og_image":[{"url":"http:\/\/s272204253.mialojamiento.es\/wpsolp\/wp-content\/uploads\/2014\/07\/responsive_web_design2.png","type":"","width":"","height":""}],"twitter_card":"summary_large_image","twitter_misc":{"Tiempo de lectura":"4 minutos"},"schema":{"@context":"https:\/\/schema.org","@graph":[{"@type":"WebPage","@id":"https:\/\/www.solp.es\/webs\/","url":"https:\/\/www.solp.es\/webs\/","name":"Dise\u00f1o web para empresas que necesitan comercio online personzalizado","isPartOf":{"@id":"https:\/\/www.solp.es\/#website"},"primaryImageOfPage":{"@id":"https:\/\/www.solp.es\/webs\/#primaryimage"},"image":{"@id":"https:\/\/www.solp.es\/webs\/#primaryimage"},"thumbnailUrl":"http:\/\/s272204253.mialojamiento.es\/wpsolp\/wp-content\/uploads\/2014\/07\/responsive_web_design2.png","datePublished":"2014-07-24T19:17:19+00:00","dateModified":"2026-04-24T16:04:04+00:00","description":"Si necesitas dise\u00f1o web para empresas, trabajamos web, comercio online y desarrollos personalizados con soluciones digitales completas.","breadcrumb":{"@id":"https:\/\/www.solp.es\/webs\/#breadcrumb"},"inLanguage":"es","potentialAction":[{"@type":"ReadAction","target":["https:\/\/www.solp.es\/webs\/"]}]},{"@type":"ImageObject","inLanguage":"es","@id":"https:\/\/www.solp.es\/webs\/#primaryimage","url":"http:\/\/s272204253.mialojamiento.es\/wpsolp\/wp-content\/uploads\/2014\/07\/responsive_web_design2.png","contentUrl":"http:\/\/s272204253.mialojamiento.es\/wpsolp\/wp-content\/uploads\/2014\/07\/responsive_web_design2.png"},{"@type":"BreadcrumbList","@id":"https:\/\/www.solp.es\/webs\/#breadcrumb","itemListElement":[{"@type":"ListItem","position":1,"name":"Portada","item":"https:\/\/www.solp.es\/"},{"@type":"ListItem","position":2,"name":"webs"}]},{"@type":"WebSite","@id":"https:\/\/www.solp.es\/#website","url":"https:\/\/www.solp.es\/","name":"SOLP","description":"SOLUCIONES PUBLICITARIAS","potentialAction":[{"@type":"SearchAction","target":{"@type":"EntryPoint","urlTemplate":"https:\/\/www.solp.es\/?s={search_term_string}"},"query-input":{"@type":"PropertyValueSpecification","valueRequired":true,"valueName":"search_term_string"}}],"inLanguage":"es"}]}},"_links":{"self":[{"href":"https:\/\/www.solp.es\/wp-json\/wp\/v2\/pages\/273","targetHints":{"allow":["GET"]}}],"collection":[{"href":"https:\/\/www.solp.es\/wp-json\/wp\/v2\/pages"}],"about":[{"href":"https:\/\/www.solp.es\/wp-json\/wp\/v2\/types\/page"}],"author":[{"embeddable":true,"href":"https:\/\/www.solp.es\/wp-json\/wp\/v2\/users\/1"}],"replies":[{"embeddable":true,"href":"https:\/\/www.solp.es\/wp-json\/wp\/v2\/comments?post=273"}],"version-history":[{"count":0,"href":"https:\/\/www.solp.es\/wp-json\/wp\/v2\/pages\/273\/revisions"}],"wp:attachment":[{"href":"https:\/\/www.solp.es\/wp-json\/wp\/v2\/media?parent=273"}],"curies":[{"name":"wp","href":"https:\/\/api.w.org\/{rel}","templated":true}]}}